it of k?
2
Let r be (3 + -2)*-5*3. Let j = 28 + r. What is the tens digit of j?
1
Let h = 22 + -7. What is the units digit of h?
5
Suppose -2*u = c + c - 8, 2*c - 4*u = 38. Let i = 25 - c. What is the units digit of i?
6
What is the units digit of 101 - -5*(-2)/10?
0
Let d(b) = -7*b + 1. Let u be d(1). What is the units digit of (3 + 0)*(-20)/u?
0
Let c be 11*2*6/(-12). Let h(x) = x**2 + 8*x + 1. What is the tens digit of h(c)?
3
Let p(k) be the third derivative of k**5/20 - k**4/12 - k**3/3 - 5*k**2. What is the tens digit of p(3)?
1
Let p = 8 - -24. What is the units digit of p?
2
Suppose -19 = -5*p + 51. Suppose 0 = a - 3*a + p. What is the units digit of a?
7
Suppose g = -0*p - 5*p + 32, 3*g + 30 = 3*p. What is the units digit of p?
7
Let i = 15 - 24. Let p = -6 - i. What is the units digit of p?
3
Suppose 0 = -0*p + 3*p - 93. What is the units digit of p?
1
Let k(r) = -1 + 5*r**2 - r**3 + 0*r - 4*r + 4. Let q be (2 - -1) + -2 + 2. What is the units digit of k(q)?
9
What is the units digit of 3340/30 - 2/(-3)?
2
What is the hundreds digit of (212/10)/(13/130)?
2
Let u be (1 + -4)*(-10)/6. Suppose -b + 16 = -f + u*f, 25 = 3*f + 4*b. What is the units digit of f?
3
Suppose -17 = -2*x + 3*s - 8*s, -2*x - s + 13 = 0. What is the units digit of x?
6
Let m(p) = 6 - 4 - 4*p**2 + p**3 + 4*p + 10*p**2. What is the units digit of m(-5)?
7
Suppose 540 = 4*w + q, -2*w + w - 5*q = -135. What is the tens digit of w?
3
What is the units digit of 117/2 - (-4)/8?
9
Let d = 1 + 1. Suppose -d*o = -8 - 14. What is the tens digit of o?
1
What is the tens digit of ((-42)/(-10))/((-6)/(-150))?
0
Let w(r) be the third derivative of r**5/60 + r**4/24 - r**3/3 + r**2. What is the units digit of w(4)?
8
Suppose 0 = 2*u - 6 - 2. Let x be (1 - u/(-2))/1. Suppose x*d = -d + 4. What is the units digit of d?
1
Let x be ((-2)/(-4))/((-6)/(-12)). What is the tens digit of (39 + 13)/(x + 1)?
2
Let u(n) = n**2 - 4*n - 4. Let r be u(6). Suppose 34 = 3*a - 5*d, -a + 0 = -d - r. Let b = a + -2. What is the units digit of b?
1
Suppose -7*d - 4 = -11*d. What is the units digit of d?
1
Suppose 0 = -6*r + 7*r - 28. What is the tens digit of r?
2
Suppose 0*g + 4*k = 3*g - 214, -4*g = 4*k - 332. What is the units digit of 1/2*g/3?
3
Suppose -3*l = -141 - 462. What is the units digit of l?
1
Let j = -11 - -46. Let a = 68 - j. What is the tens digit of a?
3
Suppose -3*q + 0 = b - 12, -5*b = -2*q + 25. Let y be b*(3/(-9) + -1). Suppose y = 4*f - 8. What is the units digit of f?
3
Let c(h) = 2*h - 9. Let n be c(7). Let q(g) = g - 4. What is the units digit of q(n)?
1
Let z(s) = -s - 10. Let f(w) = w**2 - 8*w - 4. Let t be f(7). What is the units digit of z(t)?
1
Let o(y) = -4 + y**2 + 5 - y + 0*y**2. What is the units digit of o(1)?
1
Let b(o) be the second derivative of o**5/10 - o**3/6 - 2*o. Let u be b(-1). What is the units digit of 34/8 + u/4?
4
Let j = 1 + -1. Suppose j*f + 45 = 3*f. Suppose 4*r = 5*q - 55, -5*q + 3*r = -65 + f. What is the units digit of q?
7
Let t = 9 - 7. Suppose 1 = -t*f + 7. What is the units digit of f?
3
Let r = -138 + 220. What is the units digit of r?
2
What is the tens digit of (1 + -38)/(2 + -3)?
3
Suppose -k = -3*d - 11 + 3, 5*k = 3*d + 40. Suppose m + 3*j + j = k, 2*j - 32 = -4*m. What is the units digit of (3/(-2))/((-3)/m)?
4
Let l(m) = -m**3 + m + 1. Let s be l(-1). Let y(k) = k**3 + 2*k**2 - 2*k + 1. Let j be y(1). Suppose -j*t - s = -5. What is the units digit of t?
2
Suppose -4*f = -2*h + 446, 2*f + 11 = 3. What is the units digit of h?
5
Suppose 7*f - 4*f - 105 = 0. What is the units digit of f?
5
Let y(d) = d**3 - 5*d**2 - 5*d - 6. Let c be y(6). Suppose c - 25 = -5*f. What is the units digit of f?
5
Suppose -3*y + 58 = 7. What is the tens digit of y?
1
Suppose 12 = 10*p - 7*p. What is the tens digit of (44/(-5))/(p/(-10))?
2
Suppose -p = -4*p + 3*l - 12, -5*l + 20 = 5*p. Suppose -5*r - 10 = p, 5*n - 2*r + 5*r = 79. What is the tens digit of n?
1
Let f(h) = -13*h**3 - 2*h**2 + 1. Let x be f(1). Let b be (1 - 5)/((-7)/x). What is the units digit of ((-4)/b)/((-2)/(-16))?
4
Let z(w) = -w**2 + 6*w - 4. What is the units digit of z(5)?
1
Suppose 3*k - 3*n = 15, -n - 49 = -5*k - 2*n. What is the units digit of k?
9
What is the units digit of ((-58)/(-4))/(4/96)?
8
Let h be (-66)/(-42) + (-1)/(7/(-3)). Let k be (1 + 6/(-4))*-4. Suppose 0 = -k*q - h*q + 16. What is the units digit of q?
4
Let q(l) = 5*l**2 - 3*l. Let o be q(2). Suppose -5*v + 5*y = -1 - o, -3*v - 5*y + 49 = 0. Suppose 2*m - 14 = v. What is the tens digit of m?
1
What is the units digit of (-2091)/(-34) - 2/4?
1
Suppose n + 16 = 5*n, -n = 3*w - 49. What is the tens digit of w?
1
Let u(n) = -10*n - 32. What is the hundreds digit of u(-19)?
1
Suppose 0 = z + 2*w - 323, 4*z - 197 = -w + 1067. What is the hundreds digit of z?
3
Let s(n) = n + 3. Let m be s(-2). Let v = 5 + m. What is the units digit of v?
6
Let g(c) be the third derivative of -c**5/40 - 5*c**4/24 - c**3/2 + 4*c**2. Let s(w) be the first derivative of g(w). What is the tens digit of s(-6)?
1
Let m(c) = -c**3 + 5*c**2 - 5*c - 2. Let o be m(4). Let u be (-40)/o - 1/(-3). Suppose u = w - 0. What is the units digit of w?
7
Suppose 4*t = 4*n - 634 - 434, -2*n + 522 = -5*t. What is the tens digit of n?
7
Let c(k) = 4*k**2 + 5*k - 5. What is the tens digit of c(4)?
7
What is the units digit of (54/(-8))/3*-40?
0
Suppose -4*t + 5*o = -4 - 34, -t + 13 = -3*o. What is the units digit of t?
7
Suppose 3*i + 15 = 3. Let d(a) = 5 - 6*a - a**2 + 2*a + 0. What is the units digit of d(i)?
5
Let n(v) = -v + 6. Let z be n(4). Let a(s) = s**3 + s**2 - 2. What is the tens digit of a(z)?
1
Let b = 87 + 133. What is the hundreds digit of b?
2
Let k(h) = 1 + 0 + 1 + 6*h**2. Let u be k(-2). Suppose u + 19 = 3*g. What is the tens digit of g?
1
Let n(t) = -t**3 - 12*t**2 + 11*t - 25. What is the units digit of n(-13)?
1
Let c = -2 + 1. Let a = c + 4. Let q = 6 - a. What is the units digit of q?
3
Let l = 3 - 11. Let b = l - -17. What is the units digit of b?
9
Let k(y) = -4 - 7 - 2*y - 2 - 2. What is the units digit of k(-11)?
7
Let h(g) = 4*g**2 - 9*g + 10. Let k(m) = -5*m**2 + 10*m - 11. Let s(v) = 6*h(v) + 5*k(v). Let q be s(-6). Let d = q + 20. What is the units digit of d?
3
Suppose 12*c - 55 - 3389 = 0. What is the units digit of c?
7
Suppose 0 = -0*c + 2*c - 8. Let l = c - -12. What is the units digit of l?
6
Suppose -2*r = -0*r - 58. What is the units digit of r?
9
Let p = 6 - -18. Let z = -13 + p. What is the units digit of z?
1
Let p(g) = g**2 - g + 9 + 0*g**2 + 8*g. What is the units digit of p(-6)?
3
Suppose 5*y = -4*z + 3 + 162, 10 = -2*z. What is the tens digit of y?
3
Let i(d) = d + 11. What is the tens digit of i(9)?
2
Let g(i) = 4*i**2 + 6*i + 2 + 0*i**2 + 0*i**2 - 3*i**2. Let u be g(-6). Suppose m + u = 2*m. What is the units digit of m?
2
Let m(g) = 4*g**2 + g. Let y be m(2). Suppose -h + 13 = 4*j, 3*h - y = 2*j - 7*j. Suppose -4*r + 28 = 4*o, 7 - 70 = -4*r + j*o. What is the tens digit of r?
1
Suppose -5*u - 2*c + 402 = 0, 3*u - u - 164 = -4*c. Suppose -3*x - 17 = -u. What is the tens digit of x?
2
Let h(y) = y + 3. Let l be (6/(-18))/(2/6). What is the units digit of h(l)?
2
Suppose -1 = -3*m + 4*m, -379 = -3*n - 2*m. What is the tens digit of n?
2
Suppose -2*v - 4*r + 74 = 0, 0*v - 29 = -v - 4*r. What is the tens digit of v?
4
Suppose 5*c - 3*c = 5*b + 19, -3 = b. Suppose -k = -c*k + 8. What is the units digit of k?
8
Suppose 3*u - 2*p = 73, -p = 2*u - 4*p - 57. What is the units digit of u?
1
Suppose 4*h = -5*r - 0 + 3, -r - h + 1 = 0. What is the units digit of (-22)/(-4) - r/2?
6
Let s(r) = -r**3 - 7*r**2 + 2*r + 2. Let m be s(-4). What is the units digit of (-25)/10*m/15?
9
What is the units digit of 17*20/8*12/5?
2
Suppose -5*q = -3*q - 48. Let r = q + -9. Suppose -h = -5*m + 30, 4*h + r = -3*m + 8*m. What is the units digit of m?
7
Let g = 1 - -2. Suppose g*x - x - 16 = 0. What is the units digit of x?
8
Let p be (2 + -6)*(-2 - -1). Suppose 2*w = p*w - 6. What is the units digit of w?
3
Let p be (-10)/35 - (-30)/7. Suppose -p*y - 61 = -5*s, -2*s + 39 - 15 = -2*y. What is the units digit of s?
3
Suppose -6*h = -9*h - 180. Let n = 143 + h. Suppose 0 = 4*s - 8, n = 5*w + 8*s - 4*s. What is the units digit of w?
5
Suppose